- 55*r - 3850. Determine d(-31).
-223
Let m(w) = -1304*w + 154870. What is m(119)?
-306
Let q(f) = 470*f - 5760. Determine q(13).
350
Let w(j) = 17*j**3 - 12*j**2 - 13*j - 1. What is w(-1)?
-17
Let p(h) = -77*h - 10931. Calculate p(-142).
3
Let y(a) = 3*a**3 - 47*a**2 + 122*a - 3339. Give y(17).
-109
Let r(q) = 255*q - 8005. What is r(31)?
-100
Let w(t) = -45*t - 471. Give w(-3).
-336
Let p(b) = -36214*b - 5323436. What is p(-147)?
22
Let t(i) = -2*i**3 + 5*i**2 + 109160*i - 218329. Calculate t(2).
-5
Let m(w) = 4*w**3 - 11*w**2 - 2686*w - 5295. Determine m(-2).
1
Let a(n) = 483602*n - 7254002. Determine a(15).
28
Let g(n) = -6552*n + 31549. Determine g(5).
-1211
Let k(f) = -289*f - 8294. Determine k(-29).
87
Let s(o) = o**3 - 28*o**2 - 5*o + 322. What is s(16)?
-2830
Let n(g) = 5*g**3 + 70*g**2 - 459*g + 137. Determine n(7).
2069
Let j(q) = -12086*q + 48849. What is j(4)?
505
Let n(o) = -100204*o - 2805697. Determine n(-28).
15
Let n(y) = 325*y**3 + 1616*y**2 - 47*y - 7. Give n(-5).
3
Let t(u) = -441*u + 87599. Calculate t(197).
722
Let h(f) = 687*f - 6825. Give h(9).
-642
Let v(n) = 29*n**3 - 45098*n**2 + 4668*n - 4655. Give v(1555).
10
Let p(w) = 30123*w - 271056. What is p(9)?
51
Let o(k) = 7317*k - 138979. Give o(19).
44
Let x(y) = 18*y**2 - 656*y - 1316. What is x(37)?
-946
Let b(a) = -38*a**2 - 33919*a + 33922. Give b(1).
-35
Let t(m) = -747*m**2 - 26146*m - 32. Give t(-35).
3
Let n(k) = 3929*k**2 + 58933*k - 52. What is n(-15)?
-22
Let y(m) = m**3 + 522*m**2 - 16564*m - 2210. Calculate y(-552).
-2
Let s(f) = -1292*f + 8787. What is s(7)?
-257
Let w(n) = n**2 + 182*n - 69468. What is w(175)?
-6993
Let b(i) = -21373*i - 384707. Calculate b(-18).
7
Let g(h) = 186*h - 7289. Give g(39).
-35
Let n(j) = -3*j**3 - 32*j**2 - 181*j - 2081. What is n(-11)?
31
Let v(n) = n**3 + 137*n**2 + 4672*n - 534. Calculate v(-65).
-14
Let x(f) = -9*f**2 - 334*f - 526. Determine x(-25).
2199
Let q(i) = 4*i**2 - 2680*i + 446798. What is q(358)?
14
Let g(p) = 464*p - 6240. Give g(15).
720
Let v(g) = 2*g**3 + 399*g**2 - 7593*g + 433. Give v(-217).
-1
Let j(q) = -13885*q - 458169. Give j(-33).
36
Let c(b) = 3*b**3 - 129*b**2 + 68*b + 370. Give c(2).
14
Let w(u) = 8*u**2 + 799*u - 5244. What is w(-106)?
-50
Let m(n) = -14*n**3 - n**2 + 990*n + 1978. What is m(-2)?
106
Let m(u) = u**3 - 551*u**2 - 2910*u + 2200389. What is m(549)?
-3
Let i(c) = -33*c + 14334. Calculate i(434).
12
Let h(l) = 3*l**2 - 955*l - 47007. Calculate h(-43).
-395
Let k(v) = 9*v**3 + 414*v**2 + 544*v + 25065. Give k(-46).
41
Let n(s) = -23*s**2 - 1776*s - 8269. Calculate n(-5).
36
Let r(a) = a**3 + 45*a**2 - 12*a - 436. Determine r(-45).
104
Let m(p) = p**3 - 4*p**2 + 10599*p + 74738. Calculate m(-7).
6
Let q(x) = -158*x**2 + 115*x - 228. Calculate q(2).
-630
Let n(z) = z**3 + 82*z**2 + 678*z + 1400. Give n(-73).
-133
Let r(v) = 2*v**3 + 97*v**2 + 45*v - 4745. Give r(-47).
-233
Let j(b) = 78783*b + 709056. Calculate j(-9).
9
Let c(a) = a**3 + 75*a**2 + 17*a - 2196. Determine c(-74).
2022
Let g(v) = 15*v**3 - 363*v**2 + 78*v - 191. Calculate g(24).
-47
Let s(q) = -2881*q + 17350. What is s(6)?
64
Let h(x) = -23*x**2 + 1341*x + 6755. Give h(-5).
-525
Let p(i) = 13*i**2 + 584*i + 5933. What is p(-10)?
1393
Let b(p) = -151*p - 11036. What is b(-80)?
1044
Let a(c) = -c**3 - 20*c**2 + 39*c + 1504. What is a(-11)?
-14
Let p(j) = -8*j**2 + 96*j + 5983. Determine p(34).
-1
Let d(k) = -k**3 + 407*k**2 + 2451*k + 11149. Calculate d(413).
-2
Let z(g) = -220*g + 1838. Calculate z(7).
298
Let i(r) = 63637*r + 636353. What is i(-10)?
-17
Let y(i) = 3*i**3 - 69*i**2 - 133*i - 1. Give y(-2).
-35
Let o(g) = g**3 - 36*g**2 - 182*g + 955. Give o(41).
1898
Let a(h) = 626*h**2 + 27545*h + 148. Determine a(-44).
104
Let i(o) = o**2 + 908*o + 22080. Calculate i(-25).
5
Let t(q) = 70915*q - 70543. Determine t(1).
372
Let o(x) = x**3 + 268*x**2 - 9247*x - 714. What is o(31)?
-32
Let k(m) = -17*m**3 - 197*m**2 + 85*m + 18. What is k(-12)?
6
Let z(u) = 5*u**2 + 144*u - 997. Give z(-34).
-113
Let d(n) = -2*n**2 + 76*n + 3935. Determine d(-28).
239
Let t(k) = 6*k**3 + 3*k**2 + 325*k + 972. Give t(-3).
-138
Let r(p) = -16256*p - 552720. What is r(-34)?
-16
Let b(w) = w**3 + 86*w**2 - 446*w - 67. What is b(5)?
-22
Let x(m) = m**2 - 217*m + 10100. Determine x(150).
50
Let g(k) = -15*k**2 - 3977*k + 94134. Calculate g(-287).
-2
Let c(o) = o**3 - 45*o**2 - 8378*o + 3320. Give c(-72).
8
Let b(o) = -2783*o + 82890. Determine b(30).
-600
Let j(f) = -61*f**3 + 6*f**2 + 4*f - 33. Calculate j(3).
-1614
Let r(a) = -96*a - 400. Give r(0).
-400
Let o(b) = -2*b**3 - 6*b**2 - 47*b - 502. Give o(-6).
-4
Let y(r) = -1069025*r - 32070750. Determine y(-30).
0
Let z(r) = -3*r**3 + 10*r**2 + 76*r + 125. Calculate z(-3).
68
Let w(k) = 464*k**2 + 20417*k + 21. Give w(-44).
-23
Let h(y) = -2*y**3 + 287*y**2 - 4647*y + 2520. Give h(125).
-230
Let x(u) = 236*u - 86130. What is x(365)?
10
Let j(f) = -f**3 - 220*f**2 + 4040*f + 2589. Calculate j(-237).
-18
Let g(x) = -122106*x + 3174767. Give g(26).
11
Let h(u) = u**3 - 62*u**2 + 63*u + 12. Give h(61).
134
Let h(c) = 7*c**2 + 158*c - 1641. Calculate h(11).
944
Let h(o) = -1721*o - 12997. Give h(-8).
771
Let w(q) = 1949*q + 138084. Determine w(-71).
-295
Let d(h) = h**3 + 267*h**2 + 499*h + 62022. Calculate d(-266).
44
Let k(c) = 335225*c - 31175921. What is k(93)?
4
Let t(s) = 5326*s + 255646. Determine t(-48).
-2
Let c(l) = 171*l**2 - 1510*l - 9288. What is c(13)?
-19
Let l(r) = 5*r**3 + 1016*r**2 - 786*r + 6124. What is l(-204)?
4
Let j(a) = 2*a**3 - 255*a**2 + 1173*a - 8080. Determine j(123).
38
Let w(d) = d**3 - 58*d**2 + 1064*d - 6133. What is w(27)?
-4
Let w(v) = -v**2 - 2*v + 2448. What is w(45)?
333
Let u(x) = 35913*x - 287310. Give u(8).
-6
Let j(n) = 1853*n + 166238. Determine j(-90).
-532
Let v(h) = 10*h**2 - 858*h + 6938. Calculate v(9).
26
Let c(r) = -589*r + 27519. Calculate c(47).
-164
Let y(f) = -302981*f - 1514904. Calculate y(-5).
1
Let d(u) = -u**2 + 174*u + 1044. Determine d(180).
-36
Let v(h) = 98*h**2 + 11371*h + 329. Give v(-116).
-19
Let m(z) = -z**3 - 143*z**2 + 983*z + 140568. Give m(-143).
-1
Let t(b) = b**2 - 1557*b - 62254. Determine t(-39).
-10
Let g(w) = 2890*w - 66402. What is g(23)?
68
Let f(d) = -3232*d + 284434. Calculate f(88).
18
Let f(p) = -5792*p - 85994. What is f(-15)?
886
Let m(w) = 142*w**2 - 4098*w - 575. Determine m(29).
5
Let s(h) = -h**3 - 35*h**2 - 208*h + 21. Determine s(-10).
-399
Let b(s) = -35*s**3 - 8*s**2 - 359*s + 1419. Calculate b(4).
-2385
Let p(g) = -3585*g - 21433. Calculate p(-6).
77
Let o(u) = 9*u**3 + 1606*u**2 - 917*u - 3878. Calculate o(-179).
60
Let v(r) = -2591*r + 16202. Calculate v(6).
656
Let i(y) = 4*y**3 - 428*y**2 - 3245*y - 364. What is i(-7)?
7
Let l(g) = -99891*g + 199607. Give l(2).
-175
Let f(h) = 3*h**3 + 45*h**2 + 110*h + 73. What is f(-12)?
49
Let m(z) = 316*z**3 - 15*z**2 + 508*z - 1016. What is m(2)?
2468
Let x(o) = -48*o**2 - 47657*o + 7005. What is x(-993)?
54
Let o(g) = -421*g + 980. What is o(0)?
980
Let s(q) = -50*q**2 + 10583*q - 52963. What is s(5)?
-1298
Let y(p) = p**2 + 24793*p - 198282. Calculate y(8).
126
Let j(z) = -6*z**2 + 328*z - 1075. Calculate j(48).
845
Let f(w) = -w**3 + 266*w**2 + 54*w + 56914. Determine f(267).
43
Let p(u) = -3105*u - 15493. Determine p(-5).
32
Let m(c) = -8*c**2 + 15*c + 25. Determine m(6).
-173
Let k(u) = -845480*u + 6763846. Give k(8).
6
Let w(g) = 5*g**2 + 37374*g + 596712. What is w(-16)?
8
Let z(c) = -5*c**2 - 121*c + 1143. Calculate z(8).
-145
Let z(d) = -9856*d + 473566. Determine z(48).
478
Let l(n) = -1697*n + 26331. What is l(16)?
-821
Let j(q) = -2*q**2 + 236*q - 6748. Calculate j(59).
214
Let p(x) = x**2 + 329*x + 17900. Determine p(-70).
-230
Let m(o) = -4*o**3 + 9*o**2 - 458*o - 900. Calculate m(-2).
84
Let u(q) = -179070*q + 1074418. Give u(6).
-2
Let d(y) = 1007*y - 225093. Calculate d(223).
-532
Let p(c) = 366*c - 128801. What is p(352)?
31
Let l(p) = 6944*p - 83058. Determine l(12).
270
Let m(g) = 7780*g**2 + 23351*g + 16. Calculate m(-3).
-17
Let m(n) = 54042*n - 539648. Determine m(10).
772
Let a(s) = -462963*s - 1851853. Determine a(-4).
-1
Let g(u) = u**3 + 281*u**2 + 9029*u + 251. Give g(-244).
7
Let y(h) = -152*h + 5777. What is y(47)?
-1367
Let w(a) =